09. What are the prime factors of d?
2, 3, 317
Let l(w) = -w**2 - 16*w - 12. Let p = 154 - 79. Suppose -2*r - 5*f = -7*r - p, -f = 0. What are the prime factors of l(r)?
3
Suppose -11 = 11*b + 22. List the prime factors of 12/36 - 1370/b.
457
Let v(h) = h**3 - 13*h**2 - 6*h**2 - 953 + 985 - 14*h. What are the prime factors of v(20)?
2, 19
Suppose 0 = 26*a + 99 + 5. List the prime factors of a + 9688/20 - 8/20.
2, 3, 5
Suppose -h - 91*d = -90*d - 11257, 5*h = 4*d + 56258. List the prime factors of h.
2, 17, 331
Suppose v = -4*v - 195. Let k = 43 + v. Suppose -k*l + 532 - 96 = 0. What are the prime factors of l?
109
Let k(v) = v**2 - 21*v - 658. What are the prime factors of k(-44)?
2, 3, 367
Suppose -67*r - 54*r = -106*r - 122370. What are the prime factors of r?
2, 4079
What are the prime factors of 3 + (7 - -2939) + -8?
17, 173
Suppose 2*l = 6*l - 76. Let h = l - 19. Suppose -j + 136 - 39 = h. What are the prime factors of j?
97
Suppose -n = -1 - 5. Let b be n + 2 + (-15 - -12). Suppose 3*w - 93 = 3*m, 0*w - b*w - 3*m = -179. List the prime factors of w.
2, 17
Suppose -6*l + 19*l + 78 = 0. Let g(i) = 21*i**2 + 31*i - 8. List the prime factors of g(l).
2, 281
Suppose -8*p = -10*p + 5*b + 17734, -p = 11*b - 8921. List the prime factors of p.
3, 11, 269
Let r(o) = 115*o**2 - 7*o - 12. Let v be r(7). Suppose 0 = 8*m - 8226 - v. List the prime factors of m.
3, 5, 23
Suppose -5*t + 272 = 5*y + 87, -5*y - 4*t + 189 = 0. Let w = 46 - y. Suppose w*a = 10, a = 3*j - 0*a - 166. What are the prime factors of j?
2, 7
Let g = 14069 - 7750. What are the prime factors of g?
71, 89
Suppose 0 = b - 0*b + 45. Let v(q) = -9*q - 159. List the prime factors of v(b).
2, 3, 41
Let a(w) = 153*w**2 + 86*w - 587. List the prime factors of a(16).
3, 19, 701
Let z(j) = -3*j**3 + 14*j**2 + 7*j - 4. Let u be z(5). Suppose -41 = u*t - 431. List the prime factors of t.
5, 13
Suppose -3*r = 4*y - 19, -r - y - 3*y = -9. Suppose 12 = -4*s, -r*i - s = -225 - 222. What are the prime factors of i?
2, 3, 5
Let x(q) = -58*q**2 - q - 1. Let c be x(-1). Let h = 69 + c. What are the prime factors of ((-30)/5)/(20/h - 2)?
3, 11
List the prime factors of 4585*2 + 4*(25/(-10) - -3).
2, 2293
Suppose 0 = 2*u - 4*i + 328, 2*u + 6*i = 3*i - 314. List the prime factors of ((-1122)/8)/(-12*(-5)/u).
2, 11, 17
Let c = 5532 + -2183. What are the prime factors of c?
17, 197
Let j = -64 - -63. List the prime factors of 6 + -7 + 312 + -2 + j.
2, 7, 11
Suppose -20 = -3*d + 7*d, -135 = 5*y + d. Let u = y + 26. Suppose 6*c + 46 - 346 = u. List the prime factors of c.
2, 5
Suppose 42 + 192 = 2*w. Let y be (1/2)/((-2)/68). Let x = y + w. List the prime factors of x.
2, 5
List the prime factors of 25/(-20)*(-72)/45 - -7765.
3, 863
Suppose p + 4 - 14 = 0. Suppose 31 - p = 7*q. Suppose 5*u = 5*v - 220, v = q*u + 33 + 1. List the prime factors of v.
7
Let g = -46 - -48. Let y be g/(-2) - 9/6*-2. Suppose 4*z = -p + 359, 92 = z + 3*p - y*p. What are the prime factors of z?
89
Let k = -16024 - -27729. List the prime factors of k.
5, 2341
Let g(b) = -b**3 - 20*b**2 + 30*b - 44. Let p be (-1 + 5)*55/(-10). List the prime factors of g(p).
2, 3, 11
Let z(s) = 4*s - 96. Let j be z(23). What are the prime factors of (-974)/j + 42/28?
5, 7
What are the prime factors of (-592)/222*(-1 + -1760)?
2, 587
What are the prime factors of (15 + 2552/(-24))*-84?
2, 7, 137
Let x(o) = 215*o**2 - 4*o + 3. Let i be x(1). Suppose i = 4*q - 62. Suppose -4*t = -q - 91. List the prime factors of t.
2, 5
Suppose 3*x + 5*n - 49 = 54, 2*n = -2. Let b = x + -20. List the prime factors of ((-904)/b)/(1/(-2)).
113
Let h(u) = 9*u + 95. Let o be h(-10). Suppose 0 = -o*z - 2*p + 522, -4*p - 34 + 336 = 3*z. List the prime factors of z.
2, 53
Let u(j) = -9243*j**2 - 1. Let l be u(1). Let i be ((-4)/10)/(6 - l/(-1540)). Let y = i - 66. List the prime factors of y.
2, 11
Let c be (-10)/45 - (-100)/(-36). Suppose 14 + 46 = -5*w - 3*y, 5*y + 36 = -3*w. List the prime factors of 64/(-2*c*(-1)/w).
2
Let m(d) = -19*d**2 - 37*d + 33. Let o(t) = 9*t**2 + 19*t - 17. Let f(a) = 2*m(a) + 5*o(a). List the prime factors of f(8).
3, 199
Suppose 0 = 2*l - 0*l + 76. Let n(z) = -22*z + 124. Let a be n(0). Let r = l + a. What are the prime factors of r?
2, 43
Let o(h) = -908*h + 671. What are the prime factors of o(-11)?
3, 11, 17, 19
Let a = 13 + -7. Suppose 0 = 3*j - 5*l + a, -2*l = j - 3*j. What are the prime factors of (-5)/(-10)*(9 + j)?
2, 3
Let g = -12782 - -36054. What are the prime factors of g?
2, 2909
Let p(h) = 67*h**2 - 14*h - 2. List the prime factors of p(8).
2, 2087
Let h = -173 - -113. Let q be ((-84)/(-10))/((-3)/h*4). Let g = 61 + q. What are the prime factors of g?
103
Let z = -343 - -201. Let h = z + 239. List the prime factors of h.
97
Suppose 6*p = -0*p + 18. Suppose 0 = -3*v + 6*v + 2*u - 787, 3*v - p*u = 792. What are the prime factors of v?
263
Let d(s) = -s**3 - 9*s**2 + 9*s + 12. What are the prime factors of d(-19)?
7, 17, 29
Suppose -2*l - 5*k + 42185 + 121374 = 0, 81782 = l + 5*k. List the prime factors of l.
3, 27259
Suppose 0 = -153*v + 147*v - 240. Let w(y) = -y**2 - 51*y - 121. What are the prime factors of w(v)?
11, 29
Suppose -5*d + 5 = 0, -5*a + 3*d = -0*d - 7. Suppose 3*h - 3*p = -12, -a*h - h = -5*p + 20. Suppose -4*n - 2 + 14 = h. What are the prime factors of n?
3
Suppose 2*z - 26728 = -2*z - 4*z. What are the prime factors of z?
13, 257
Let a(p) = 2995*p**2 + 11*p - 171. List the prime factors of a(5).
74759
Suppose 58*q = -423 - 505. Let g(i) = 5*i**3 - 3*i**2 - 3*i - 2. Let d be g(3). Let b = d + q. List the prime factors of b.
3
Let b be (-6)/(-8) + 67/(-4). Let m be (-27)/12 + (2 - (-44)/b). List the prime factors of 148 - (3 + m + -3).
151
Suppose 99610 = -212*j + 226*j. What are the prime factors of j?
5, 1423
Suppose 0 = 113*u - 1577 + 107 - 112. Suppose 2367 = -r - 2*r. List the prime factors of (-4)/u*-1 - r/7.
113
Let h(w) = 30 - 52 + w**3 + 35 + 8*w + 20*w**2. Let b be h(-16). Suppose 7*f = -2*f + b. List the prime factors of f.
101
Let d be -14 + (0 - -2) + -3. Let o = 995 + -1134. Let n = d - o. List the prime factors of n.
2, 31
Let x(p) = 18*p**2 + 5. Let o(a) = -35*a**2 + a - 9. Let s(i) = 3*o(i) + 7*x(i). What are the prime factors of s(4)?
2, 89
Suppose -2*t + 7601 = -5*g - 19884, 5*t - g = 68701. List the prime factors of t.
2, 3, 5, 229
Let y(i) = -11*i + 7. Let g be y(7). Let j = -1492 - -1480. List the prime factors of (j/(-10))/((-3)/g).
2, 7
Let f(g) = 1304*g - 35. Let k be f(1). Suppose x - k = -285. List the prime factors of x.
2, 3, 41
Let b(r) = r**3 + r**2 + r - 109. Let q be b(0). Let c = 245 + q. List the prime factors of c.
2, 17
Let k = 12 - -138. Suppose 5*t - 3*g - 1163 = 0, -3*g - k = t - 379. Suppose 3*i + 2*b = -2*i + t, 4*b - 224 = -5*i. What are the prime factors of i?
2, 3
Let h(p) = -505*p - 649. What are the prime factors of h(-24)?
11471
Let x = 219 - -74. Suppose 0 = -6*u + 101 - x. What are the prime factors of ((-4)/(-5))/(u/(-5680))?
2, 71
List the prime factors of ((-24)/(-36))/(4/5946).
991
Let a(p) = 7*p**3 - 17*p**2 - 45*p - 13. Let d(s) = -2*s**3 - s. Let b(t) = -a(t) - 4*d(t). List the prime factors of b(-9).
2, 5, 11
Let v(m) be the first derivative of -11*m**3/3 + 3*m**2 + 2*m - 8. Let s be v(2). What are the prime factors of 5/1*((-1092)/s - 8)?
2, 71
Suppose 2*n + 4*y = 109010, -5*n - y + 211338 = -61142. List the prime factors of n.
3, 5, 7, 173
Let w = -9796 - -19124. List the prime factors of w.
2, 11, 53
Suppose 5*p - 25 = 0, -4*i = p - 0*p - 585. Let l = -122 + i. Let j(r) = 2*r**2 - 40*r + 11. List the prime factors of j(l).
149
Let t(z) = z**2 + 7*z - 54. Let h be t(5). List the prime factors of (-582)/(-1)*((h - 3) + -2).
2, 3, 97
Suppose 0 = -88*p + 142*p - 148554. What are the prime factors of p?
3, 7, 131
Suppose -104562 = 389*w - 398*w. What are the prime factors of w?
2, 37, 157
Let n = 655 + -435. Let x = n - 206. What are the prime factors of x?
2, 7
Let d = 40757 - 23509. List the prime factors of d.
2, 7, 11
Let u(p) = -11*p + 23. Let r(i) = -23*i + 48. Let f(z) = 4*r(z) - 9*u(z). What are the prime factors of f(12)?
3, 23
Suppose 306*o + 2337648 = 368*o. List the prime factors of o.
2, 3, 1571
Suppose 2*n - 4*n + 14955 = a, -2*n + 4*a + 14980 =